 is 332 - 13?
313
In base 4, what is 113 - -2032?
2211
In base 3, what is -2221 + -20000?
-22221
In base 8, what is -74 + 11?
-63
In base 8, what is 34041 - 5?
34034
In base 12, what is -16 - -b?
-7
In base 14, what is 8 - 587?
-57d
In base 3, what is 11 + -22?
-11
In base 5, what is 442 + 0?
442
In base 15, what is 34 - -9?
3d
In base 5, what is -12 - 133?
-200
In base 13, what is 112b - -4?
1132
In base 4, what is -10 + 20?
10
In base 12, what is -5 - -33b?
336
In base 10, what is 2 - -394?
396
In base 3, what is 101 - -1?
102
In base 16, what is b7 - 5?
b2
In base 11, what is 122 - 4?
119
In base 15, what is -25 + -14c?
-172
In base 12, what is 34 + -2?
32
In base 2, what is 1000 + 1011010?
1100010
In base 9, what is -3 + 1217?
1214
In base 4, what is 123000 - -1?
123001
In base 16, what is 9 + -6?
3
In base 16, what is -572 - 4?
-576
In base 11, what is 16 - -112?
128
In base 5, what is -12 - 223?
-240
In base 15, what is -2 - 6c?
-6e
In base 13, what is b45 - -3?
b48
In base 14, what is 234 - -2?
236
In base 12, what is 11 + -186?
-175
In base 8, what is -524 - 4?
-530
In base 14, what is c + 1cb?
1d9
In base 14, what is -1 + 33c?
33b
In base 10, what is -157 + 1?
-156
In base 12, what is a - -1031?
103b
In base 9, what is 0 + -515?
-515
In base 4, what is -103232 + 12?
-103220
In base 12, what is -103 - 2?
-105
In base 6, what is -13 - -40?
23
In base 7, what is 2 + 16664?
16666
In base 14, what is -229 - -15?
-214
In base 16, what is -c + -16?
-22
In base 16, what is -2 + -d8a?
-d8c
In base 5, what is 13 + -30412?
-30344
In base 8, what is 1231 + 1?
1232
In base 11, what is a3 - 6?
98
In base 2, what is -10 - 1100?
-1110
In base 3, what is -22211 + -12?
-100000
In base 14, what is 9 + 1?
a
In base 7, what is -4 - -15661?
15654
In base 12, what is -36a + 1?
-369
In base 9, what is 4 - 201?
-186
In base 14, what is -9 - -336?
32b
In base 15, what is -1a7 + -5b?
-213
In base 7, what is 46 - 2?
44
In base 4, what is -20 + -3113?
-3133
In base 13, what is 1 - -5a?
5b
In base 11, what is 3 - 257?
-254
In base 5, what is -4421 - -1?
-4420
In base 6, what is -3101 - -5?
-3052
In base 3, what is 1020001200 - 11?
1020001112
In base 5, what is 431 + 42?
1023
In base 8, what is -12 - -5?
-5
In base 13, what is 0 - 8?
-8
In base 3, what is 110 - 1020022?
-1012212
In base 16, what is -23 + 11?
-12
In base 6, what is 25 + 4?
33
In base 8, what is -404 + 0?
-404
In base 12, what is -187 - 5?
-190
In base 10, what is 51 - -168?
219
In base 11, what is -2 + -6?
-8
In base 12, what is -1 + -2aa?
-2ab
In base 12, what is -111 + -1?
-112
In base 12, what is 50 + -3?
49
In base 15, what is 8a - -4?
8e
In base 14, what is 1 + 471?
472
In base 10, what is 8 + -6?
2
In base 11, what is -5 - 512?
-517
In base 11, what is 2 - 1?
1
In base 3, what is 1002 - -11?
1020
In base 6, what is -5 - -235?
230
In base 5, what is 0 - 123?
-123
In base 9, what is 18 + 160?
178
In base 16, what is -21 - -2?
-1f
In base 13, what is -7 + -a6?
-b0
In base 5, what is -20 + 112?
42
In base 6, what is -31 + 1051?
1020
In base 9, what is -431 - 6?
-437
In base 15, what is e48 - -3?
e4b
In base 4, what is -103 - -1010?
301
In base 14, what is -328 - 16?
-340
In base 16, what is 4 - -206?
20a
In base 7, what is -16004 + 5?
-15666
In base 11, what is -256 + 2?
-254
In base 2, what is 1101 + -1011000?
-1001011
In base 8, what is -45 - -126?
61
In base 8, what is -1 + -120?
-121
In base 12, what is 5 + 351?
356
In base 6, what is 15121 - 4?
15113
In base 9, what is 0 + 122?
122
In base 13, what is c + 13?
22
In base 2, what is 100110 + -11111?
111
In base 9, what is -20 + -31?
-51
In base 13, what is -8 - aa?
-b5
In base 13, what is 84 + 4?
88
In base 8, what is 21 + -70?
-47
In base 13, what is -2 - 12?
-14
In base 16, what is -e + df?
d1
In base 8, what is -37 + -1311?
-1350
In base 4, what is 2321 + -3?
2312
In base 15, what is -1d7 - -4?
-1d3
In base 5, what is 11 - -141?
202
In base 9, what is -4 + 106?
102
In base 12, what is -3 + -109?
-110
In base 6, what is 0 + -132?
-132
In base 2, what is -11010100 + 10?
-11010010
In base 4, what is 10 - 133311?
-133301
In base 11, what is 92 - 5?
88
In base 13, what is 8408 + 5?
8410
In base 11, what is 29 - -4?
32
In base 7, what is -1240 - 2?
-1242
In base 15, what is -868 - 0?
-868
In base 16, what is 83 + 3?
86
In base 15, what is -dc - -b?
-d1
In base 4, what is -10 - 221?
-231
In base 13, what is 6466 - 3?
6463
In base 12, what is 2 - 80b?
-809
In base 4, what is -11 - 101?
-112
In base 12, what is 24a - 6?
244
In base 5, what is -34410 + 3?
-34402
In base 13, what is -35b + 16?
-345
In base 8, what is -115 - 5?
-122
In base 16, what is 24 + -8?
1c
In base 2, what is 1000000101 - 11?
1000000010
In base 9, what is 41188 - -4?
41203
In base 4, what is -131101 - 2?
-131103
In base 13, what is 176 + 2?
178
In base 10, what is -1570 - -5?
-1565
In base 8, what is -3 - -306?
303
In base 11, what is 123 - 4?
11a
In base 7, what is 0 + 2205?
2205
In base 11, what is -19 + -1a?
-38
In base 10, what is -1 - 175?
-176
In base 9, what is 20 - -27?
47
In base 4, what is 2022 + -101?
1321
In base 13, what is -130 - 5?
-135
In base 9, what is 3 - -16?
20
In base 6, what is -3255 - -3?
-3252
In base 8, what is 1 + 10264?
10265
In base 12, what is -4 + -264?
-268
In base 7, what is -5 - 4?
-12
In base 4, what is 21 + -120?
-33
In base 15, what is 4353 + -2?
4351
In base 12, what is 4 + -3b?
-37
In base 11, what is 3 + a?
12
In base 16, what is -5 + 3?
-2
In base 12, what is 2 + -81?
-7b
In base 8, what is 4 - -4333?
4337
In base 12, what is 2 - 929?
-927
In base 7, what is 4 - 114?
-110
In base 10, what is -2 + 2084?
2082
In base 9, what is 3 - 23?
-20
In base 8, what is 4 - 7?
-3
In base 16, what is -9 - 94?
-9d
In base 11, what is 203a + -3?
2037
In base 12, what is -108 - 3?
-10b
In base 6, what is 2 + 144?
150
In base 10, what is 0 - -40?
40
In base 10, what is -5 + 1276?
1271
In base 2, what is 11001100 - -1011?
11010111
In base 10, what is 1169 + 1?
1170
In base 4, what is 2 - 310?
-302
In base 10, what is -20 - 12?
-32
In base 8, what is 3 - 12376?
-12373
In base 13, what is -4 + b?
7
In base 16, what is -323 + -3?
-326
In base 6, what is 3 - 1454?
-1451
In base 2, what is -110111001 + 101?
-110110100
In base 14, what is -2c8 - 0?
-2c8
In base 9, what is -10 + -845?
-855
In base 4, what is 320 - 232?
22
In base 15, what is 8 + 6b1?
6b9
In base 12, what is -51 - 8?
-59
In base 12, what is 0 + -91?
-91
In base 2, what is -1010 + -1110?
-11000
In base 8, what is 12 + 15?
27
In base 16, what is -90 - 7?
-97
In base 12, what is 3b - -3?
42
In base 5, what is 1 + 1312?
1313
In base 6, what is 1 + 514?
515
In base 7, what is -21 - 36?
-60
In base 3, what is -12222 - 10?
-20002
In base 14, what is ba - 5?
b5
In base 3, what is -102 + 120000?
112121
In base 7, what is 152 + -2?
150
In base 9, what is -1 - 4231?
-4232
In base 13, what is -4 - 3a?
-41
In base 6, what is 1404 - -3?
1411
In base 8, what is -3 + -7055?
-7060
In base 8, what is 555 + 4?
561
In base 4, what is 1030 - 2?
1022
In base 16, what is -4e6 + 5?
-4e1
In base 5, what is -2204 + 1?
-2203
In base 10, what is -2999 - -1?
-2998
In base 5, what is 223343 + 1?
223344
In base 6, what is 11 + 30030?
30041
In base 6, what is 20 - 22102?
-22042
In base 7, what is 0 - -163?
163
In base 11, what is -5 + -683?
-688
In base 4, what is 0 - -3201?
3201
In base 9, what is 0 + -2?
-2
In base 15, what is 1 + -4b?
-4a
In base 14, what is 3 - -42d?
432
In base 12, what is -2 - -2b92?
2b90
In base 11, what is -9a5 - -2?
-9a3
In base 2, what is 101 - 11110001?
-11101100
In base 15, what is 3 - -25d?
261
In base 16, what is b4 - a?
aa
In base 5, what is 2 + -3342?
-3340
In base 15, what is -d2 - 5?
-d7
In base 7, what is 641 + 22?
663
In base 5, what is 2 + 21242?
21244
In base 14, what is -15 + -a?
-21
In base 12, what is 10 - 7?
5
In base 11, what is 4 - -2a?
33
In base 16, what is -151 + -5?
-156
In base 16, what is 2 - a35?
-a33
In base 10, what is 4 + -966?
-962
In base 16, what is 38f5 + 4?
38f9
In base 14, what is -1 - 2350?
-2351
In base 12, what is 3 - 470?
-469
In base 5, what is -14001 - -4?
-13442
In base 16, what is -14c - -4?
-148
In base 7, what is -5 - -2200?
2162
In base 2, what is 10110001